d o?
34
Suppose -440 = -22*k + 18*k. Calculate the greatest common factor of 11 and k.
11
Suppose 5*y + 96 = 2*q, -4*q + 81 + 111 = 4*y. What is the highest common factor of 16 and q?
16
Let n be (207 + -1)*(5 - 4). Let y = n + -107. Let r = y + 5. Calculate the greatest common factor of r and 13.
13
Suppose -11*g + 171 = 61. What is the greatest common factor of g and 40?
10
Let i be 6/(-9) + 6018/9. Suppose i = 5*a + 38. Calculate the highest common factor of 18 and a.
18
Suppose -24 - 86 = -5*m. Suppose 0 = 9*a - 53 - 46. Calculate the highest common factor of m and a.
11
Let q(v) = v**2 - 14*v - 11. Let g be q(16). What is the greatest common factor of g and 7?
7
Suppose -240 + 15 = -5*t. Let g = -8 - -17. What is the highest common divisor of t and g?
9
Suppose 5*w - 2*w = 192. What is the highest common divisor of 8 and w?
8
Let b be (4 - -7) + -1*4. What is the highest common divisor of b and 1?
1
Let f = -119 - -200. What is the greatest common factor of f and 9?
9
Let i be 90/4 + 4/(-8). Suppose -2*p - 2*p = 5*u - 48, 0 = 3*u - p - i. What is the greatest common factor of 40 and u?
8
Suppose 3*k = 5*g + 37 + 42, 4*k = -4*g + 148. What is the greatest common divisor of k and 11?
11
Suppose 0 = -g + 3*g - 48. Suppose 3*v = -2*y + 104, -2*y = 3*v - 6*y - 116. What is the highest common divisor of v and g?
12
Suppose -2*s + 70 = -n + 4*n, 5*n - s = 95. Suppose -4*i = -n, -2*y + 31 = 2*y + 3*i. Calculate the highest common divisor of 1 and y.
1
Let d(v) = v**3 - v + 1. Let k be d(0). Let h be ((-3)/(-3) + -1)/k. Suppose -4*q = 12, -29 = -2*y - h*q + q. Calculate the highest common divisor of 65 and y.
13
Let z be 115/25 - (-4)/10. Suppose 4*d - z*s - 225 = 223, 2*d + 5*s = 224. Calculate the greatest common divisor of d and 16.
16
Let v be (-3 + 17)/(1/4). Let u be 2/(2/2 + -2). Let y be (-29)/(-2) - (-1)/u. What is the greatest common factor of y and v?
14
Let j(a) = -9*a - 1 - 4 + 0 - 25*a. Let d be j(-2). What is the greatest common divisor of 7 and d?
7
Suppose 4*h - 284 + 88 = 0. What is the greatest common factor of 7 and h?
7
Suppose 6*p - 5 = p. Let c(u) = 1 + p + u - 1. Let q be c(4). Calculate the highest common factor of q and 5.
5
Let i(g) = 5*g + 2. Let f be i(8). Suppose -9*y + 4*y + 140 = 0. Calculate the highest common divisor of f and y.
14
Let c(a) = 3*a**2 + 6*a. Let m(f) = -4*f**2 - 7*f. Let j(u) = -5*c(u) - 4*m(u). Let r be j(-3). What is the highest common divisor of 6 and r?
3
Let g be 2/(-4)*80/2. Let q(v) = 11*v**2 + 4*v + 2. Let i be q(-2). Let j = g + i. Calculate the greatest common factor of j and 72.
18
Let f(p) = 2*p**2 + 2*p - 4. Let b be f(-9). Suppose 105 = 3*s - 2*d, 0 = 4*s - 5*d + d - b. What is the highest common factor of 5 and s?
5
Let d be ((-3)/5)/((-1)/5). Suppose 4*p - x = 74 - d, -5*x + 25 = 0. Calculate the highest common factor of p and 95.
19
Let g = 31 + -15. What is the highest common divisor of 2 and g?
2
Suppose 4*m - 92 = 6*g - 2*g, -g - 5 = 0. Suppose z + z - 2*j = m, -4*z - 3*j = -1. Calculate the highest common divisor of z and 10.
2
Suppose -4*o = -149 - 107. What is the highest common divisor of 8 and o?
8
Let z be 0/2 - (-4 - (6 - 2)). What is the highest common divisor of z and 16?
8
Suppose -3*i - i = -24. Let g(l) = -l**2 - 6*l + 13. Let x be g(-7). Calculate the greatest common factor of x and i.
6
Suppose 5*x - 108 = -4*x. What is the greatest common divisor of 24 and x?
12
Let v = -2 + 2. Suppose v = -3*c + 3, 2*p - 5*c = -p + 28. Calculate the greatest common factor of p and 1.
1
Let s be -105*(14/5 - 4). What is the greatest common factor of s and 18?
18
Let p(l) = -l - 5. Let i be (-2)/4 - (-39)/(-6). Let t be p(i). Suppose -t*g + 48 = 2*w, -2*g - 5*w - 2 = -50. What is the greatest common divisor of g and 3?
3
Suppose 8 = -2*y + y - 5*d, 4*y - 16 = -4*d. What is the greatest common factor of y and 91?
7
Suppose g - 188 = -4*u, 9*g - 2*u = 4*g + 1050. Calculate the greatest common divisor of g and 26.
26
Let g be 70/30*(4 - 1). Let a(d) = 7*d**3 + d**2 - d. Let u be a(1). Suppose u*k - 252 = 3*k. What is the greatest common divisor of g and k?
7
Let h be -3*(2 + 52/(-6)). Let b = -2 + 4. Suppose 2*o = -b*o + 5*s + 125, 4*o + 4*s = 116. Calculate the greatest common factor of o and h.
10
Suppose 4*y = y + 45. Let a = y + -2. Calculate the highest common factor of 117 and a.
13
Suppose 8*q + 4*q - 720 = 0. Calculate the greatest common factor of 40 and q.
20
Let a(o) = 5*o**3 + 6 - o**3 - o - 5*o**3. Let g be a(0). Suppose -108 = -5*l - 3*s, -5*l + 4*s = -l - 112. Calculate the greatest common factor of l and g.
6
Let q = 0 - -3. Let w be (-119)/(2 - q)*1. Suppose 36 = 4*t - 32. Calculate the greatest common divisor of w and t.
17
Let o = 14 - 16. Let a be (-16)/o*(-10)/(-8). What is the greatest common divisor of a and 80?
10
Let y(o) = -8*o + 1. Let j be y(-3). Let k = j - -14. What is the highest common factor of k and 26?
13
Let o be (1/(2/(-12)))/1. Let i = o + 6. Suppose -60 = -5*k - i*u - 2*u, 5*k - 60 = 4*u. What is the greatest common factor of 36 and k?
12
Let q(k) = -k**3 + 6*k**2 - 2*k + 6. Let o be q(4). Suppose -o = -3*w - 0*w. Calculate the greatest common factor of w and 70.
10
Suppose -3*o + 6*o = 39. Let n = o - -11. What is the greatest common factor of 3 and n?
3
Suppose 2*s + 8 - 56 = 0. Let c be ((-6)/(-4))/1*s. What is the highest common divisor of 4 and c?
4
Suppose -3*t + 333 = 4*o, -3*t + 58 = 3*o - 191. Let k = 75 + -54. Suppose -k = 6*j - 7*j. Calculate the highest common divisor of o and j.
21
Let u be 3 - (3 + (0 - 4)). Suppose u*y - 5 = -41. Let c be -1 - y/(4 + -1). Calculate the greatest common factor of 8 and c.
2
Suppose -2*m = 10, 0 = -4*q - 2*m + m + 91. Calculate the greatest common factor of q and 60.
12
Suppose 0 = -4*j + 181 + 59. Let l be 9/((-20)/32 + 1). What is the highest common factor of l and j?
12
Let g = -33 + 26. Let j = g - -12. What is the highest common divisor of j and 20?
5
Suppose 10 + 4 = u. Let s(z) = z**3 - 9*z**2 + 5*z + 8. Let f be s(6). Let k = 126 + f. Calculate the greatest common factor of u and k.
14
Let v(x) = 11*x - 14. Let p be v(4). Calculate the greatest common divisor of p and 60.
30
Let k(m) = -2*m**3 + 13*m**2 + 2*m + 6. Let b be k(6). Calculate the highest common divisor of b and 378.
54
Suppose -2*p = -1 - 3. Suppose p*u - 6*u + 28 = 0. Calculate the highest common divisor of 56 and u.
7
Let f(w) = -10*w + 30. Let t be f(-13). What is the greatest common divisor of 10 and t?
10
Suppose -10 + 55 = 3*j. Calculate the greatest common divisor of 5 and j.
5
Let s be 4*((-4)/(-16) + -2). Let w be (-2)/s + 776/28. Suppose -2*g - 4*m = -12, 5*g + 3*m - 5*m - 78 = 0. What is the greatest common divisor of g and w?
14
Suppose 2*o - 5*z + 0 = -2, 4 = -o + 4*z. Suppose 0*k - 3*k - 12 = -j, 0 = -o*j - k + 22. Calculate the greatest common divisor of j and 2.
2
Suppose -k - 2*k = 0. Let b be 12 - (0 + k/2). Calculate the greatest common divisor of 36 and b.
12
Let l(t) = -119*t + 1. Let z be l(-1). Suppose -2*p = 3*p - z. What is the greatest common divisor of 8 and p?
8
Let m be ((-10)/(-3) - 0)*3. Suppose 0 = -2*s - 6. Let q(f) = 7*f**2 - f + 4. Let k be q(s). What is the greatest common factor of k and m?
10
Suppose -5*x = -283 + 58. What is the greatest common factor of 15 and x?
15
Let n be 2 + (-7)/((-21)/6). Suppose -2*o - n + 12 = 0. Calculate the greatest common divisor of 32 and o.
4
Let m(q) = -3*q + 6. Let v be m(-3). What is the highest common divisor of 10 and v?
5
Let x(o) = -2*o + 4. Let s be x(-4). What is the greatest common factor of s and 132?
12
Suppose 0 = -z + 2 - 6. Let j be ((-1)/z)/((-1)/(-4)). What is the greatest common divisor of j and 4?
1
Let z be 0 - ((-3)/(-3) - 11). Let b be (15/z)/((-1)/(-4)). What is the greatest common divisor of b and 54?
6
Let z(b) = -b. Let q(s) = -6*s + 18. Let u(m) = q(m) - 5*z(m). Suppose 0*c - c = -8. Let v be u(c). What is the highest common factor of v and 5?
5
Let y be (-36)/(-16) + (-1)/4. Let w be (4 + y)*(-10)/(-6). Calculate the greatest common factor of w and 10.
10
Let z = 23 - 11. Let g = z + -19. Let n(a) = -2*a + 1. Let x be n(g). Calculate the greatest common divisor of 45 and x.
15
Let n(j) = 5*j + 55. Let w be n(7). What is the highe